02
In base 13, what is 88 - -b?
96
In base 4, what is 23 - -112133?
112222
In base 12, what is -47 - -2?
-45
In base 9, what is 605 - -24?
630
In base 7, what is 0 - -2?
2
In base 5, what is 24 + 13444?
14023
In base 7, what is 5 - 253?
-245
In base 2, what is 11 + 1110100?
1110111
In base 4, what is 13123 - 10?
13113
In base 3, what is 0 - 20221?
-20221
In base 8, what is -6 + -126?
-134
In base 16, what is 691 + -8?
689
In base 2, what is -11010111 - 100?
-11011011
In base 5, what is 1214 - -4?
1223
In base 7, what is -230 + -143?
-403
In base 2, what is -1001 - 11000000?
-11001001
In base 15, what is -4 - -58?
54
In base 8, what is -6 + 17?
11
In base 7, what is 4 + -451?
-444
In base 2, what is -10 - -1011100?
1011010
In base 3, what is -1 - -110200?
110122
In base 14, what is -4 + 220?
21a
In base 3, what is -22111202 + -1?
-22111210
In base 11, what is -12a + 22?
-108
In base 3, what is 12001011 + 10?
12001021
In base 2, what is 1100010101 - 10?
1100010011
In base 12, what is 879 + 5?
882
In base 12, what is -5 - -b3?
aa
In base 15, what is 126 - 4?
122
In base 2, what is 100 + -1010100?
-1010000
In base 11, what is 9 + 372?
380
In base 10, what is 51 - -3?
54
In base 8, what is -46 - 3?
-51
In base 3, what is -11110101 - -2?
-11110022
In base 3, what is -1 - 2202?
-2210
In base 6, what is -113 - 14?
-131
In base 9, what is 125 - 20?
105
In base 15, what is -1 - -2b?
2a
In base 11, what is 229 - 50?
189
In base 8, what is 0 - 613?
-613
In base 11, what is -1 + -21a?
-220
In base 4, what is 1 + 200?
201
In base 15, what is -30 - -2?
-2d
In base 7, what is 26020 - -2?
26022
In base 12, what is 5 - 21b?
-216
In base 14, what is -13 - 391?
-3a4
In base 6, what is -45 + -5?
-54
In base 11, what is 8 - 1024?
-1017
In base 2, what is 1 + 1011000111110?
1011000111111
In base 6, what is -10 - 452?
-502
In base 5, what is 1124 - 14?
1110
In base 11, what is 447 + -3?
444
In base 15, what is -41 + 1?
-40
In base 3, what is 110121 - -1?
110122
In base 14, what is -7 + 2b6?
2ad
In base 12, what is 6197 + -2?
6195
In base 6, what is -1123 + -324?
-1451
In base 3, what is -1022120 - 10?
-1022200
In base 8, what is -1 + 13?
12
In base 13, what is -4 - -66?
62
In base 15, what is 3 - -6a?
6d
In base 14, what is -7a + -6?
-82
In base 7, what is -1 + 34?
33
In base 2, what is -10101111 - -10101?
-10011010
In base 13, what is -9 + 64?
58
In base 14, what is 172 - -b?
17d
In base 14, what is -15 + -18?
-2d
In base 2, what is -11 + 1010?
111
In base 15, what is 64 - b?
58
In base 12, what is -2 - -b3?
b1
In base 7, what is 642 - 4?
635
In base 12, what is 33 - -33?
66
In base 10, what is 1 - -831?
832
In base 8, what is -1 - 1557?
-1560
In base 9, what is 6 + -528?
-522
In base 7, what is 16603 + -4?
16566
In base 15, what is 20a - -4e?
259
In base 7, what is 21 - -36?
60
In base 7, what is 5641 + -3?
5635
In base 9, what is -11 + 50?
38
In base 11, what is 187 + -3?
184
In base 7, what is -1 - 1503?
-1504
In base 2, what is 10011 - -10?
10101
In base 11, what is 0 - -373?
373
In base 9, what is 331 + 115?
446
In base 12, what is -18b + 69?
-122
In base 10, what is -2 + 576?
574
In base 10, what is 233 + -35?
198
In base 9, what is -4 + -27?
-32
In base 10, what is 4 + 6?
10
In base 16, what is -1c - 1?
-1d
In base 15, what is -134c - -2?
-134a
In base 8, what is -11 + 644?
633
In base 12, what is 3 + -16b1?
-16aa
In base 11, what is -150 - -3?
-148
In base 7, what is 3 - 225?
-222
In base 9, what is -550 - -18?
-531
In base 5, what is 1 - -1013?
1014
In base 5, what is -13 - -1331?
1313
In base 12, what is b2b + 0?
b2b
In base 7, what is 1 + -430?
-426
In base 4, what is 123 + -1?
122
In base 15, what is -5 - -114?
10e
In base 16, what is e - -1f7?
205
In base 2, what is 100011011111 - 101?
100011011010
In base 7, what is 13 - -41?
54
In base 9, what is -4 - -863?
858
In base 8, what is 1 - -21?
22
In base 16, what is -7b + -d?
-88
In base 11, what is -3a97 - 5?
-3aa1
In base 4, what is -10231 + 23?
-10202
In base 3, what is 11 + -11012111?
-11012100
In base 13, what is -4 + 3b?
37
In base 3, what is 10012 + -10112?
-100
In base 11, what is -126a - -5?
-1265
In base 7, what is 3 + 133?
136
In base 13, what is 1c + -26?
-7
In base 14, what is 151 + -5?
14a
In base 3, what is -10 - 1100?
-1110
In base 5, what is -4 - 10?
-14
In base 14, what is -2 + -1b6a?
-1b6c
In base 5, what is -4 - -10342?
10333
In base 4, what is 0 + 310002?
310002
In base 7, what is 4 + -631?
-624
In base 6, what is -22 - -3?
-15
In base 13, what is -11 + -5?
-16
In base 3, what is 0 - 21100100?
-21100100
In base 5, what is 21 - 1?
20
In base 10, what is 4 + -72?
-68
In base 9, what is 157 - -67?
235
In base 8, what is 65 - 60?
5
In base 2, what is 101011 + 1001?
110100
In base 12, what is -2 - -111a?
1118
In base 9, what is -856 + 7?
-848
In base 13, what is -1 - 0?
-1
In base 15, what is -4 + 45?
41
In base 14, what is -24 - 14?
-38
In base 10, what is -1 + 1757?
1756
In base 12, what is 38 - 16?
22
In base 9, what is 66 + 141?
217
In base 6, what is 1 + 1104?
1105
In base 2, what is 10101111 + -10?
10101101
In base 3, what is -10200 - 0?
-10200
In base 8, what is 2426 + -24?
2402
In base 12, what is 3 - 77?
-74
In base 11, what is 19 - 1?
18
In base 5, what is -4 - -12431?
12422
In base 11, what is -8 - 5?
-12
In base 3, what is -120 + -11212?
-12102
In base 8, what is -2 + 335?
333
In base 11, what is -958a + 2?
-9588
In base 12, what is 2 + 27?
29
In base 12, what is 1 - -44?
45
In base 16, what is -71 - 3?
-74
In base 9, what is 54 - -37?
102
In base 16, what is -4 - 35d?
-361
In base 16, what is -fc - 4?
-100
In base 4, what is -10 + 333?
323
In base 8, what is -2 - -473?
471
In base 7, what is -1 + -12634?
-12635
In base 14, what is -57 + -3?
-5a
In base 15, what is -3062 - 2?
-3064
In base 6, what is -3 - -14311?
14304
In base 11, what is 0 - -20?
20
In base 15, what is -a + 22?
17
In base 10, what is -85 - 57?
-142
In base 11, what is 3 + -a?
-7
In base 6, what is 21212 + -4?
21204
In base 2, what is 111101100001001 - -10?
111101100001011
In base 11, what is -175 + -2?
-177
In base 11, what is -24 - -3?
-21
In base 4, what is 12 + -1001?
-323
In base 5, what is 40 - -213?
303
In base 7, what is 126 - -10?
136
In base 11, what is -1781 - 5?
-1786
In base 6, what is 10252 + 1?
10253
In base 15, what is -4b + -10d?
-159
In base 14, what is -669 - -4?
-665
In base 9, what is -185 - -5?
-180
In base 3, what is -2 + -100021?
-100100
In base 10, what is 7 - -1?
8
In base 3, what is -12 + -20012102?
-20012121
In base 15, what is 3 + -5b?
-58
In base 9, what is 18 - -76?
105
In base 16, what is -3 + 1c6?
1c3
In base 3, what is 2 + 12210102?
12210111
In base 11, what is -296 + 6a?
-227
In base 10, what is -20 - -13?
-7
In base 7, what is -12663 - 4?
-13000
In base 8, what is 20 + -36?
-16
In base 4, what is 0 + 1203?
1203
In base 4, what is -3000 + -21?
-3021
In base 12, what is -13 - 190?
-1a3
In base 15, what is -d + 1d?
10
In base 15, what is -d9 - 4?
-dd
In base 3, what is 102111 + -1?
102110
In base 12, what is -5 + -46b?
-474
In base 14, what is 2 + -556?
-554
In base 12, what is -11b1 + -5?
-11b6
In base 15, what is -992 - -3?
-98e
In base 4, what is -100 + 120?
20
In base 9, what is 1144 - -3?
1147
In base 3, what is 22 + 20120?
20212
In base 10, what is -355 + 16?
-339
In base 12, what is 4 + -518?
-514
In base 6, what is 14 - -4312?
4330
In base 6, what is -3131 + -112?
-3243
In base 2, what is 10110101001 - -11?
10110101100
In base 5, what is -32243 - -1?
-32242
In base 2, what is -1011111101110 - -100?
-1011111101010
In base 6, what is -33 + -2?
-35
In base 3, what is 100 + 112201?
120001
In base 8, what is -102 + 35?
-45
In base 10, what is 19 - -16?
35
In base 14, what is 46 - 10?
36
In base 13, what is -11 - 2?
-13
In base 13, what is -16c + 0?
-16c
In base 12, what is 3 - -96?
99
In base 2, what is 100 + 1011011111?
1011100011
In base 5, what is 120341 - 10?
120331
In base 9, what is -1508 + 14?
-1484
In base 7, what is -3002 + -1?
-3003
In base 2, what is -100011 - 0?
-100011
In base 3, what is 111212 - -21?
112010
In base 6, what is -11 - -122?
111
In base 13, what is -1 + 5?
4
In base 9, what is 2 + -11?
-8
In base 11, what is 2 - 26?
-24
In base 7, what is 16513 